 -20*m**3 - 5*m**2 + 3. Calculate h(1).
-22
Let f(u) = -38*u + 2121. Calculate f(55).
31
Let y(x) = -19*x**2 + 13*x + 15. What is y(6)?
-591
Let b(v) = -45*v - 203. Give b(-5).
22
Let x(t) = 2*t**3 + 45*t**2 - 462*t - 10092. Give x(-23).
5
Let z(f) = f**2 + 47*f + 442. Determine z(-30).
-68
Let t(g) = g**3 - 48*g**2 - 207*g + 9935. Give t(48).
-1
Let f(k) = 53*k + 1584. Calculate f(-30).
-6
Let y(x) = -2*x**2 + 345*x + 1976. Give y(178).
18
Let n(i) = -20*i**2 - 216*i + 48. Give n(-11).
4
Let a(m) = -7*m**2 - 9*m - 21. Determine a(-5).
-151
Let z(i) = -3*i**3 + 36*i**2 + 186*i - 1929. Calculate z(13).
-18
Let i(o) = 156*o**3 + 780*o**2 - 8*o - 21. Give i(-5).
19
Let n(w) = w**2 + 41*w - 150. Give n(-44).
-18
Let y(v) = -v**3 - 12*v**2 + 109*v - 444. Calculate y(-19).
12
Let i(n) = -n**2 + 73*n - 993. Give i(17).
-41
Let r(k) = -k**3 + 12*k**2 - 29*k + 6. Calculate r(6).
48
Let p(u) = -4*u**2 - 33*u - 50. What is p(-12)?
-230
Let u(n) = -n**3 - 11*n**2 + 56*n - 57. Determine u(-15).
3
Let q(w) = -w**3 - 10*w**2 - 21*w - 14. Give q(-7).
-14
Let c(j) = 3*j**2 + 76*j + 356. Calculate c(-19).
-5
Let o(c) = 120*c + 1215. Give o(-10).
15
Let a(i) = -33*i**3 - 2*i**2 + 3*i + 4. What is a(-1)?
32
Let o(w) = 9*w + 412. What is o(-46)?
-2
Let a(v) = 3*v**2 + 72*v + 197. Determine a(-3).
8
Let m(z) = 2*z**2 - 28*z + 62. Determine m(13).
36
Let z(f) = -f**3 + 10*f**2 - 2*f - 6. Give z(2).
22
Let a(z) = -z**3 - 38*z**2 - 7*z - 267. Calculate a(-38).
-1
Let y(i) = -6*i**2 - 1349*i - 1345. Determine y(-1).
-2
Let w(o) = -o**2 + 54*o + 208. What is w(57)?
37
Let y(t) = -17*t + 10. Give y(-2).
44
Let x(c) = -c**3 + 33*c**2 - 88*c + 308. What is x(30)?
368
Let c(i) = i**2 - 154*i - 1822. Determine c(-11).
-7
Let x(q) = 2*q**2 - 28*q + 53. Determine x(15).
83
Let f(t) = 4*t**2 + 10*t - 37. What is f(-3)?
-31
Let j(q) = 4*q**3 - 76*q**2 + 6*q - 106. Calculate j(19).
8
Let x(z) = -147*z - 883. What is x(-6)?
-1
Let q(y) = -y**3 - 5*y**2 + 19*y + 78. Give q(-6).
0
Let j(f) = -38*f - 684. Give j(-18).
0
Let y(g) = -2*g**3 + 34*g**2 + 37*g - 25. Calculate y(18).
-7
Let a(y) = -y**3 + 6*y**2 + 32*y + 101. Determine a(10).
21
Let c(i) = -16*i**3 - 242*i**2 - 35*i - 52. Determine c(-15).
23
Let s(t) = -t**2 + 261*t - 15362. Determine s(90).
28
Let t(z) = z**3 - 10*z**2 + 276*z - 3157. What is t(11)?
0
Let o(n) = 4*n**3 - 13*n**2 + 5*n - 46. What is o(5)?
154
Let b(l) = 44*l + 46. What is b(-1)?
2
Let x(t) = 2*t**2 + 61*t - 349. Calculate x(5).
6
Let l(z) = 100*z + 2101. Calculate l(-24).
-299
Let n(i) = -300*i + 9979. Give n(33).
79
Let u(t) = 11*t**3 + 45*t**2 + 4*t - 7. What is u(-4)?
-7
Let i(h) = 98*h + 970. Give i(-10).
-10
Let z(o) = 3*o**3 - 101*o**2 - 251*o + 14. Give z(36).
50
Let s(d) = d**2 - 66*d - 126. What is s(64)?
-254
Let q(p) = 86*p + 174. What is q(-2)?
2
Let g(y) = -10*y**2 - 662*y + 2634. What is g(4)?
-174
Let u(p) = 7*p**3 - 6*p**2 + 8*p - 7. Determine u(3).
152
Let q(f) = -42*f - 535. Determine q(-13).
11
Let h(o) = -4*o**2 + 13*o - 14. What is h(3)?
-11
Let v(g) = g**3 + 11*g**2 - 153*g + 30. What is v(-19)?
49
Let f(c) = 140*c - 8675. Determine f(62).
5
Let r(h) = h**3 + 15*h**2 + 27*h - 48. What is r(-13)?
-61
Let h(d) = d**2 + 2*d - 120. What is h(12)?
48
Let j(o) = -o**3 - 4*o**2 + 342*o - 318. What is j(-21)?
-3
Let q(b) = -b**3 + 88*b - 8. Give q(9).
55
Let h(v) = 108*v**2 - 2897*v + 9. Give h(27).
522
Let b(y) = 2*y**3 - 42*y**2 - 30*y - 315. Determine b(22).
-7
Let a(x) = 379*x - 133. What is a(2)?
625
Let q(a) = -a**3 - 28*a**2 + 334*a + 61. Determine q(-37).
24
Let p(y) = 5*y**2 - 20*y + 8. Give p(3).
-7
Let d(g) = -252*g**2 + 3*g - 3. What is d(1)?
-252
Let q(i) = 39*i - 1234. Determine q(25).
-259
Let y(z) = z**3 - 5*z**2 + 89*z - 369. Give y(4).
-29
Let s(i) = -2*i**2 + 108*i - 147. Calculate s(52).
61
Let t(p) = p**3 + 15*p**2 + 52*p + 11. Determine t(-6).
23
Let x(t) = 41*t + 2203. Determine x(-54).
-11
Let m(j) = j**2 + 9*j - 12. Give m(-12).
24
Let x(g) = -g**3 - 33*g**2 - 59*g - 36. Determine x(-31).
-129
Let y(p) = -16*p + 288. Calculate y(12).
96
Let c(k) = -673*k + 4033. Give c(6).
-5
Let q(t) = -477*t + 12350. Calculate q(26).
-52
Let z(q) = -207*q + 1018. Determine z(5).
-17
Let v(w) = 7*w - 25. Calculate v(-18).
-151
Let v(q) = -84*q + 19407. Determine v(231).
3
Let b(p) = -p**2 + 147*p. Give b(0).
0
Let p(j) = j**2 - 16*j - 250. Determine p(-14).
170
Let c(w) = -2*w**3 - 10*w**2 - 3*w - 11. Determine c(-6).
79
Let g(l) = 8*l**3 + 184*l**2 - 2*l + 2. What is g(-23)?
48
Let r(o) = -o**3 - 54*o**2 - 54*o - 218. Determine r(-53).
-165
Let h(b) = -2*b**2 - 6*b + 68. Give h(11).
-240
Let r(a) = -798*a + 13558. Give r(17).
-8
Let i(j) = -j**3 + 4*j**2 + 4*j - 16. Calculate i(5).
-21
Let k(n) = -1565*n - 14084. What is k(-9)?
1
Let q(v) = 10*v**2 - 75*v - 76. Calculate q(-1).
9
Let w(k) = -324*k**2 - 964*k - 5. Calculate w(-3).
-29
Let y(b) = -1719*b + 13754. Calculate y(8).
2
Let x(d) = 26*d - 250. What is x(6)?
-94
Let i(d) = -d**2 - 11*d + 162. Calculate i(-15).
102
Let j(a) = 332*a - 2673. Determine j(8).
-17
Let h(v) = v**3 + 17*v**2 + 74*v + 167. What is h(-12)?
-1
Let z(s) = 15*s**2 - 2*s. Determine z(-1).
17
Let f(i) = -2*i**2 + 40*i - 131. Calculate f(15).
19
Let o(g) = 3*g**3 + 12*g**2 + 23*g. Give o(-2).
-22
Let b(i) = i**2 + 616*i + 41027. What is b(-76)?
-13
Let z(d) = d**3 + 5*d**2 + d - 7. Calculate z(-3).
8
Let n(o) = -o**3 - 24*o**2 - 140*o - 14. Determine n(-9).
31
Let n(t) = 2*t**2 + 261*t + 1613. What is n(-124)?
1
Let j(r) = 3*r**3 - 345*r**2 + 2. Calculate j(115).
2
Let w(k) = 1128*k + 5686. Give w(-5).
46
Let b(r) = -r**3 - 59*r**2 + 123*r + 127. Determine b(-61).
66
Let s(t) = 4*t**2 - 17. Give s(-7).
179
Let u(i) = i**3 - 17*i**2 + 57*i + 21. Give u(12).
-15
Let t(a) = -2*a**3 - 2*a**2 + a + 23. What is t(-3)?
56
Let c(m) = -2*m**2 - 4*m + 46. Determine c(5).
-24
Let x(q) = -18*q - 290. Give x(-16).
-2
Let r(m) = -105*m - 19008. Calculate r(-181).
-3
Let i(u) = 3*u**3 + 10*u**2 - 82*u + 403. Calculate i(6).
919
Let t(w) = 19*w**2 - 265*w + 263. Calculate t(1).
17
Let j(y) = -2*y**3 + 169*y**2 - 410*y - 15. What is j(82)?
-15
Let b(t) = -3*t**2 - 751*t - 14034. Calculate b(-230).
-4
Let t(w) = -86*w - 3606. Calculate t(-42).
6
Let p(o) = 2*o**3 - 6*o**2 - 6*o - 19. What is p(4)?
-11
Let v(k) = 2*k**3 + 10*k**2 - 14*k + 4. Give v(-8).
-268
Let g(f) = 22*f - 822. What is g(38)?
14
Let n(h) = -114*h - 1064. Calculate n(-10).
76
Let v(x) = 196*x + 4321. Determine v(-22).
9
Let a(n) = -11974*n - 131718. Calculate a(-11).
-4
Let r(g) = 14*g + 666. Determine r(-40).
106
Let s(p) = -p**3 - 5*p**2 + 12*p - 2. Calculate s(0).
-2
Let v(g) = 120*g + 235. Give v(-2).
-5
Let d(a) = -48*a + 21. Give d(0).
21
Let m(a) = 5*a**2 - 1969*a - 7952. Determine m(-4).
4
Let n(y) = y**2 + 64*y - 90. What is n(2)?
42
Let s(k) = -k**3 - 7*k**2 - 33*k - 117. What is s(-5)?
-2
Let i(a) = 263*a**3 + 3*a**2 - 2*a - 5. Give i(-1).
-263
Let i(m) = -m**3 + 57*m**2 - 357*m + 350. Calculate i(50).
0
Let m(n) = -95*n - 410. Calculate m(-5).
65
Let x(d) = -131*d + 735. Calculate x(6).
-51
Let c(w) = 7*w + 100. What is c(-15)?
-5
Let a(i) = i**3 + 30*i**2 + 187*i - 49. What is a(-21)?
-7
Let u(w) = -2*w**2 + 152*w - 1593. Calculate u(11).
-163
Let d(k) = 41*k + 5. Determine d(0).
5
Let i(l) = 18633*l - 37254. Determine i(2).
12
Let f(b) = -10*b - 48. Determine f(-10).
52
Let t(a) = 1191*a - 13109. Determine t(11).
-8
Let d(o) = -62*o + 938. Determine d(15).
8
Let i(y) = -7*y + 164. Give i(22).
10
Let k(i) = 10*i**2 - 7*i + 4. Calculate k(-4).
192
Let w(z) = 61*z + 2993. Determine w(-50).
-57
Let s(b) = b**3 - 21*b**2 + 49*b - 244. Give s(19).
-35
Let f(u) = -64*u - 1630. Give f(-26).
34
Let f(a) = a**2 - 20*a - 95. Calculate f(18).
-131
Let a(d) = d**2 - 25*d + 184. What is a(10)?
34
Let q(t) = 2*t**3 + 38*t**2 - 184*t - 7. Determine q(4).
-7
Let k(o) = -o**3 - 13*o**2 - 7*o - 69. Give k(-13).
22
Let j(o) = o**2 - 19*o + 48. Calculate j(14).
-22
Let j(w) = 89*w - 353. Determine j(4).
3
Let r(j) = 32*j**3 + 5*j**2 + 3*j - 14. Calculate r(2).
268
Let h(b) = b**3 - 94*b**2 - 98*b + 110. Give h(95).
-175
Let w(x) = x**3 - 9*x**2 - 69*x - 19. Give w(14).
-5
Let c(y) = 2*y**2 - 144*y + 2049. Give c(23).
-205
Let o(k) = -3*k**2 + 280*k + 2660. De